{"id":124,"date":"2024-09-21T17:02:38","date_gmt":"2024-09-21T17:02:38","guid":{"rendered":"https:\/\/acsgrupo.com.mx\/?page_id=124"},"modified":"2024-09-21T18:07:36","modified_gmt":"2024-09-21T18:07:36","slug":"quienes-somos","status":"publish","type":"page","link":"https:\/\/acsgrupo.com.mx\/?page_id=124","title":{"rendered":"\u00bfQui\u00e9nes somos?"},"content":{"rendered":"<div  data-label=\"Content\" data-id=\"content--1\" data-export-id=\"content-19\" data-category=\"content\" class=\"content-19 content-section content-section-spacing white-text\" id=\"content-1\"><div  class=\"gridContainer\"> <div  class=\"row\"><div  data-type=\"column\" class=\"col-sm-6 content-col text-center content-section-spacing shadow\"> <p  class=\"black\" style=\"text-align: justify;\">Somos una empresa nacional dedicada a la Asesor\u00eda Contable, Fiscal y Administrativa, as\u00ed como a los servicios de mantenimiento e Ingenier\u00eda Especializada El\u00e9ctrica e Industrial.<\/p>   <p  class=\"\" style=\"text-align: justify;\">Algunos de nuestros principales trabajos est\u00e1n orientados a los servicios de mantenimiento de aires acondicionados HVAC e instalaciones el\u00e9ctricas en oficinas.<\/p> <\/div> <div  class=\"col-sm-5 flexbox-strech center-xs middle-xs no-gutter-col\"><div  class=\"flexbox middle-xs center-xs right-img\" data-bg=\"image\" style=\"background-image: url(&quot;https:\/\/acsgrupo.com.mx\/wp-content\/uploads\/2024\/09\/cropped-WhatsApp-Image-2024-09-20-at-12.07.45-PM-2-scaled-1.jpeg&quot;);\"><\/div><\/div> <\/div><\/div> <\/div><div  data-label=\"About\" data-id=\"about--1\" data-export-id=\"about-images-right-section\" data-category=\"about\" class=\"about-images-right-section content-section content-section-spacing\" id=\"about-1\" style=\"background-color: rgb(255, 255, 255);\"><div  class=\"gridContainer\"> <div  class=\"row middle-sm text-center\"><div  class=\"col-sm-5 content-left-sm\" data-type=\"column\">  <h2  class=\"\" style=\"border-bottom-color: rgb(19, 110, 191);\">MISION<\/h2> <p  class=\"\" style=\"text-align: justify;\">Brindar asesor\u00eda a personas f\u00edsicas y\/o morales en el territorio nacional en materia contable, fiscal y administrativa, adem\u00e1s, de ofrecer servicios especializados en ingenier\u00eda el\u00e9ctrica y de mantenimiento; a trav\u00e9s de personal capacitado para cubrir las necesidades de cada uno de nuestros clientes, garantizando la calidad y eficiencia del trabajo realizado.<\/p> <\/div> <div  class=\"col-sm-7 space-bottom-xs\"><div  class=\"image-group-side-3-img\"> <img  decoding=\"async\" class=\"topimg shadow-large\" src=\"https:\/\/acsgrupo.com.mx\/wp-content\/uploads\/2024\/09\/cropped-WhatsApp-Image-2024-09-18-at-5.01.35-PM-1.jpeg\" title=\"cropped-WhatsApp-Image-2024-09-18-at-5.01.35-PM-1.jpeg\" alt=\"\"> <img  decoding=\"async\" class=\"rightimg shadow-large\" src=\"https:\/\/acsgrupo.com.mx\/wp-content\/uploads\/2024\/09\/cropped-cropped-WhatsApp-Image-2024-09-20-at-12.07.47-PM-1-scaled-1.jpeg\" title=\"WhatsApp Image 2024-09-20 at 12.07.47 PM (1)\" alt=\"\"> <div  class=\"leftimg\"> <img  decoding=\"async\" class=\"shadow-large\" src=\"https:\/\/acsgrupo.com.mx\/wp-content\/uploads\/2024\/09\/cropped-WhatsApp-Image-2024-09-18-at-5.01.35-PM-2.jpeg\" title=\"cropped-WhatsApp-Image-2024-09-18-at-5.01.35-PM-2.jpeg\" alt=\"\"><\/div> <\/div><\/div> <\/div><\/div> <\/div><div  data-label=\"About\" data-id=\"about--2\" data-export-id=\"about-images-right-section\" data-category=\"about\" class=\"about-images-right-section content-section content-section-spacing\" id=\"about-2\" style=\"background-color: rgb(245, 250, 253);\"><div  class=\"gridContainer\"> <div  class=\"row middle-sm text-center\"><div  class=\"col-sm-5 content-left-sm\" data-type=\"column\">  <h2  class=\"\" style=\"border-bottom-color: rgb(19, 110, 191);\">VISION&nbsp;<\/h2> <p  class=\"\" style=\"text-align: justify;\">Ser un grupo empresarial reconocido a nivel nacional por sus trabajos de calidad y eficacia, y as\u00ed, ampliar nuestra cartera de clientes.<\/p> <\/div> <div  class=\"col-sm-7 space-bottom-xs\"><div  class=\"image-group-side-3-img\"> <img  decoding=\"async\" class=\"topimg shadow-large\" src=\"https:\/\/acsgrupo.com.mx\/wp-content\/uploads\/2024\/09\/cropped-WhatsApp-Image-2024-09-20-at-12.07.46-PM-5-scaled-1.jpeg\" title=\"WhatsApp Image 2024-09-20 at 12.07.46 PM (5)\" alt=\"\"> <img  decoding=\"async\" class=\"rightimg shadow-large\" src=\"https:\/\/acsgrupo.com.mx\/wp-content\/uploads\/2024\/09\/cropped-WhatsApp-Image-2024-09-20-at-12.07.44-PM.jpeg\" title=\"cropped-WhatsApp-Image-2024-09-20-at-12.07.44-PM.jpeg\" alt=\"\"> <div  class=\"leftimg\"> <img  decoding=\"async\" class=\"shadow-large\" src=\"https:\/\/acsgrupo.com.mx\/wp-content\/uploads\/2024\/09\/cropped-WhatsApp-Image-2024-09-20-at-12.07.45-PM-3-scaled-2.jpeg\" title=\"WhatsApp Image 2024-09-20 at 12.07.45 PM (3)\" alt=\"\"><\/div> <\/div><\/div> <\/div><\/div> <\/div><div  data-label=\"Gallery\" data-id=\"gallery--1\" data-export-id=\"gallery-2\" data-category=\"gallery\" class=\"gallery-2 content-section content-section-spacing\" id=\"gallery-1\" style=\"background-color: rgb(255, 255, 255);\"><div  class=\"\"> <div  class=\"row\"><div  class=\"col-xs-12 full-no-padding\" data-editable=\"true\" data-content-shortcode=\"mesmerize_gallery id=&quot;mesmerize-gallery-2&quot; columns=&quot;2&quot; ids=&quot;16,18,26,29,50,57&quot; lb=&quot;1&quot; masonry=&quot;0&quot; size=&quot;mesmerize-full-hd&quot; link=&quot;file&quot; \"><div id='mesmerize-gallery-2' class='gallery-wrapper'><style type=\"text\/css\">\n                    @media only screen and (min-width: 768px) {\n                    [data-unique-id='mesmerize-gallery-2-6a060826cefd9'] dl {\n                        float: left;\n                        width: 50% !important;\n                        max-width:  50% !important;\n                        min-width:  50% !important;\n                    }\n\n                    [data-unique-id='mesmerize-gallery-2-6a060826cefd9'] dl:nth-of-type(2n +1 ) {\n                      clear: both;\n                      }\n                    }\n                <\/style><div id='mesmerize-gallery-2' class='mesmerize-gallery-2-dls-wrapper gallery-items-wrapper materialis-gallery' data-unique-id='mesmerize-gallery-2-6a060826cefd9'><dl class='gallery-item'>\n\t\t\t<dt class='gallery-icon portrait'>\n\t\t\t\t<a data-fancybox=\"mesmerize-gallery-2-group\" href='https:\/\/acsgrupo.com.mx\/wp-content\/uploads\/2024\/09\/WhatsApp-Image-2024-09-18-at-5.01.35-PM-2.jpeg'><img loading=\"lazy\" decoding=\"async\"  width=\"810\" height=\"1080\" src=\"https:\/\/acsgrupo.com.mx\/wp-content\/uploads\/2024\/09\/WhatsApp-Image-2024-09-18-at-5.01.35-PM-2-810x1080.jpeg\"  class='mesmerize-gallery-2-image' alt=\"\" srcset=\"https:\/\/acsgrupo.com.mx\/wp-content\/uploads\/2024\/09\/WhatsApp-Image-2024-09-18-at-5.01.35-PM-2-810x1080.jpeg 810w, https:\/\/acsgrupo.com.mx\/wp-content\/uploads\/2024\/09\/WhatsApp-Image-2024-09-18-at-5.01.35-PM-2-225x300.jpeg 225w, https:\/\/acsgrupo.com.mx\/wp-content\/uploads\/2024\/09\/WhatsApp-Image-2024-09-18-at-5.01.35-PM-2-768x1024.jpeg 768w, https:\/\/acsgrupo.com.mx\/wp-content\/uploads\/2024\/09\/WhatsApp-Image-2024-09-18-at-5.01.35-PM-2.jpeg 960w\" sizes=\"auto, (max-width: 810px) 100vw, 810px\" \/><\/a>\n\t\t\t<\/dt><\/dl><dl class='gallery-item'>\n\t\t\t<dt class='gallery-icon portrait'>\n\t\t\t\t<a data-fancybox=\"mesmerize-gallery-2-group\" href='https:\/\/acsgrupo.com.mx\/wp-content\/uploads\/2024\/09\/WhatsApp-Image-2024-09-18-at-5.01.35-PM.jpeg'><img loading=\"lazy\" decoding=\"async\"  width=\"810\" height=\"1080\" src=\"https:\/\/acsgrupo.com.mx\/wp-content\/uploads\/2024\/09\/WhatsApp-Image-2024-09-18-at-5.01.35-PM-810x1080.jpeg\"  class='mesmerize-gallery-2-image' alt=\"\" srcset=\"https:\/\/acsgrupo.com.mx\/wp-content\/uploads\/2024\/09\/WhatsApp-Image-2024-09-18-at-5.01.35-PM-810x1080.jpeg 810w, https:\/\/acsgrupo.com.mx\/wp-content\/uploads\/2024\/09\/WhatsApp-Image-2024-09-18-at-5.01.35-PM-225x300.jpeg 225w, https:\/\/acsgrupo.com.mx\/wp-content\/uploads\/2024\/09\/WhatsApp-Image-2024-09-18-at-5.01.35-PM-768x1024.jpeg 768w, https:\/\/acsgrupo.com.mx\/wp-content\/uploads\/2024\/09\/WhatsApp-Image-2024-09-18-at-5.01.35-PM.jpeg 960w\" sizes=\"auto, (max-width: 810px) 100vw, 810px\" \/><\/a>\n\t\t\t<\/dt><\/dl><dl class='gallery-item'>\n\t\t\t<dt class='gallery-icon portrait'>\n\t\t\t\t<a data-fancybox=\"mesmerize-gallery-2-group\" href='https:\/\/acsgrupo.com.mx\/wp-content\/uploads\/2024\/09\/WhatsApp-Image-2024-09-18-at-5.42.56-PM-5.jpeg'><img loading=\"lazy\" decoding=\"async\"  width=\"768\" height=\"1024\" src=\"https:\/\/acsgrupo.com.mx\/wp-content\/uploads\/2024\/09\/WhatsApp-Image-2024-09-18-at-5.42.56-PM-5.jpeg\"  class='mesmerize-gallery-2-image' alt=\"\" srcset=\"https:\/\/acsgrupo.com.mx\/wp-content\/uploads\/2024\/09\/WhatsApp-Image-2024-09-18-at-5.42.56-PM-5.jpeg 768w, https:\/\/acsgrupo.com.mx\/wp-content\/uploads\/2024\/09\/WhatsApp-Image-2024-09-18-at-5.42.56-PM-5-225x300.jpeg 225w\" sizes=\"auto, (max-width: 768px) 100vw, 768px\" \/><\/a>\n\t\t\t<\/dt><\/dl><dl class='gallery-item'>\n\t\t\t<dt class='gallery-icon portrait'>\n\t\t\t\t<a data-fancybox=\"mesmerize-gallery-2-group\" href='https:\/\/acsgrupo.com.mx\/wp-content\/uploads\/2024\/09\/WhatsApp-Image-2024-09-18-at-5.42.57-PM.jpeg'><img loading=\"lazy\" decoding=\"async\"  width=\"768\" height=\"1024\" src=\"https:\/\/acsgrupo.com.mx\/wp-content\/uploads\/2024\/09\/WhatsApp-Image-2024-09-18-at-5.42.57-PM.jpeg\"  class='mesmerize-gallery-2-image' alt=\"\" srcset=\"https:\/\/acsgrupo.com.mx\/wp-content\/uploads\/2024\/09\/WhatsApp-Image-2024-09-18-at-5.42.57-PM.jpeg 768w, https:\/\/acsgrupo.com.mx\/wp-content\/uploads\/2024\/09\/WhatsApp-Image-2024-09-18-at-5.42.57-PM-225x300.jpeg 225w\" sizes=\"auto, (max-width: 768px) 100vw, 768px\" \/><\/a>\n\t\t\t<\/dt><\/dl><dl class='gallery-item'>\n\t\t\t<dt class='gallery-icon portrait'>\n\t\t\t\t<a data-fancybox=\"mesmerize-gallery-2-group\" href='https:\/\/acsgrupo.com.mx\/wp-content\/uploads\/2024\/09\/WhatsApp-Image-2024-09-20-at-12.07.45-PM-4-scaled.jpeg'><img loading=\"lazy\" decoding=\"async\"  width=\"810\" height=\"1080\" src=\"https:\/\/acsgrupo.com.mx\/wp-content\/uploads\/2024\/09\/WhatsApp-Image-2024-09-20-at-12.07.45-PM-4-810x1080.jpeg\"  class='mesmerize-gallery-2-image' alt=\"\" srcset=\"https:\/\/acsgrupo.com.mx\/wp-content\/uploads\/2024\/09\/WhatsApp-Image-2024-09-20-at-12.07.45-PM-4-810x1080.jpeg 810w, https:\/\/acsgrupo.com.mx\/wp-content\/uploads\/2024\/09\/WhatsApp-Image-2024-09-20-at-12.07.45-PM-4-225x300.jpeg 225w, https:\/\/acsgrupo.com.mx\/wp-content\/uploads\/2024\/09\/WhatsApp-Image-2024-09-20-at-12.07.45-PM-4-768x1024.jpeg 768w, https:\/\/acsgrupo.com.mx\/wp-content\/uploads\/2024\/09\/WhatsApp-Image-2024-09-20-at-12.07.45-PM-4-1152x1536.jpeg 1152w, https:\/\/acsgrupo.com.mx\/wp-content\/uploads\/2024\/09\/WhatsApp-Image-2024-09-20-at-12.07.45-PM-4-1536x2048.jpeg 1536w, https:\/\/acsgrupo.com.mx\/wp-content\/uploads\/2024\/09\/WhatsApp-Image-2024-09-20-at-12.07.45-PM-4-1024x1365.jpeg 1024w, https:\/\/acsgrupo.com.mx\/wp-content\/uploads\/2024\/09\/WhatsApp-Image-2024-09-20-at-12.07.45-PM-4-scaled.jpeg 1920w\" sizes=\"auto, (max-width: 810px) 100vw, 810px\" \/><\/a>\n\t\t\t<\/dt><\/dl><dl class='gallery-item'>\n\t\t\t<dt class='gallery-icon portrait'>\n\t\t\t\t<a data-fancybox=\"mesmerize-gallery-2-group\" href='https:\/\/acsgrupo.com.mx\/wp-content\/uploads\/2024\/09\/WhatsApp-Image-2024-09-20-at-12.07.46-PM-4-scaled.jpeg'><img loading=\"lazy\" decoding=\"async\"  width=\"810\" height=\"1080\" src=\"https:\/\/acsgrupo.com.mx\/wp-content\/uploads\/2024\/09\/WhatsApp-Image-2024-09-20-at-12.07.46-PM-4-810x1080.jpeg\"  class='mesmerize-gallery-2-image' alt=\"\" srcset=\"https:\/\/acsgrupo.com.mx\/wp-content\/uploads\/2024\/09\/WhatsApp-Image-2024-09-20-at-12.07.46-PM-4-810x1080.jpeg 810w, https:\/\/acsgrupo.com.mx\/wp-content\/uploads\/2024\/09\/WhatsApp-Image-2024-09-20-at-12.07.46-PM-4-225x300.jpeg 225w, https:\/\/acsgrupo.com.mx\/wp-content\/uploads\/2024\/09\/WhatsApp-Image-2024-09-20-at-12.07.46-PM-4-768x1024.jpeg 768w, https:\/\/acsgrupo.com.mx\/wp-content\/uploads\/2024\/09\/WhatsApp-Image-2024-09-20-at-12.07.46-PM-4-1152x1536.jpeg 1152w, https:\/\/acsgrupo.com.mx\/wp-content\/uploads\/2024\/09\/WhatsApp-Image-2024-09-20-at-12.07.46-PM-4-1536x2048.jpeg 1536w, https:\/\/acsgrupo.com.mx\/wp-content\/uploads\/2024\/09\/WhatsApp-Image-2024-09-20-at-12.07.46-PM-4-1024x1365.jpeg 1024w, https:\/\/acsgrupo.com.mx\/wp-content\/uploads\/2024\/09\/WhatsApp-Image-2024-09-20-at-12.07.46-PM-4-scaled.jpeg 1920w\" sizes=\"auto, (max-width: 810px) 100vw, 810px\" \/><\/a>\n\t\t\t<\/dt><\/dl>\n\t\t<\/div>\n<script>(function($){window.MaterialisCaptionsGallery && window.MaterialisCaptionsGallery($('[data-unique-id=\"mesmerize-gallery-2-6a060826cefd9\"]'))})(jQuery)<\/script><\/div><\/div><\/div> <\/div><\/div>","protected":false},"excerpt":{"rendered":"<p>Somos una empresa nacional dedicada a la Asesor\u00eda Contable, Fiscal y Administrativa, as\u00ed como a los servicios de mantenimiento e Ingenier\u00eda Especializada El\u00e9ctrica e Industrial. Algunos de nuestros principales trabajos est\u00e1n orientados a los servicios de mantenimiento de aires acondicionados HVAC e instalaciones el\u00e9ctricas en oficinas. MISION Brindar asesor\u00eda a personas f\u00edsicas y\/o morales en&hellip; <br \/> <a class=\"read-more\" href=\"https:\/\/acsgrupo.com.mx\/?page_id=124\">Read more<\/a><\/p>\n","protected":false},"author":1,"featured_media":0,"parent":0,"menu_order":0,"comment_status":"closed","ping_status":"closed","template":"pro\/page-templates\/full-width-page.php","meta":{"footnotes":""},"class_list":["post-124","page","type-page","status-publish","hentry"],"yoast_head":"<!-- This site is optimized with the Yoast SEO plugin v27.5 - https:\/\/yoast.com\/product\/yoast-seo-wordpress\/ -->\n<title>\u00bfQui\u00e9nes somos? - ACS Grupo<\/title>\n<meta name=\"robots\" content=\"index, follow, max-snippet:-1, max-image-preview:large, max-video-preview:-1\" \/>\n<link rel=\"canonical\" href=\"https:\/\/acsgrupo.com.mx\/?page_id=124\" \/>\n<meta property=\"og:locale\" content=\"es_ES\" \/>\n<meta property=\"og:type\" content=\"article\" \/>\n<meta property=\"og:title\" content=\"\u00bfQui\u00e9nes somos? - ACS Grupo\" \/>\n<meta property=\"og:description\" content=\"Somos una empresa nacional dedicada a la Asesor\u00eda Contable, Fiscal y Administrativa, as\u00ed como a los servicios de mantenimiento e Ingenier\u00eda Especializada El\u00e9ctrica e Industrial. Algunos de nuestros principales trabajos est\u00e1n orientados a los servicios de mantenimiento de aires acondicionados HVAC e instalaciones el\u00e9ctricas en oficinas. MISION Brindar asesor\u00eda a personas f\u00edsicas y\/o morales en&hellip; Read more\" \/>\n<meta property=\"og:url\" content=\"https:\/\/acsgrupo.com.mx\/?page_id=124\" \/>\n<meta property=\"og:site_name\" content=\"ACS Grupo\" \/>\n<meta property=\"article:modified_time\" content=\"2024-09-21T18:07:36+00:00\" \/>\n<meta property=\"og:image\" content=\"https:\/\/acsgrupo.com.mx\/wp-content\/uploads\/2024\/09\/cropped-WhatsApp-Image-2024-09-18-at-5.01.35-PM-1.jpeg\" \/>\n<meta name=\"twitter:card\" content=\"summary_large_image\" \/>\n<meta name=\"twitter:label1\" content=\"Tiempo de lectura\" \/>\n\t<meta name=\"twitter:data1\" content=\"3 minutos\" \/>\n<script type=\"application\/ld+json\" class=\"yoast-schema-graph\">{\"@context\":\"https:\\\/\\\/schema.org\",\"@graph\":[{\"@type\":\"WebPage\",\"@id\":\"https:\\\/\\\/acsgrupo.com.mx\\\/?page_id=124\",\"url\":\"https:\\\/\\\/acsgrupo.com.mx\\\/?page_id=124\",\"name\":\"\u00bfQui\u00e9nes somos? - ACS Grupo\",\"isPartOf\":{\"@id\":\"https:\\\/\\\/acsgrupo.com.mx\\\/#website\"},\"primaryImageOfPage\":{\"@id\":\"https:\\\/\\\/acsgrupo.com.mx\\\/?page_id=124#primaryimage\"},\"image\":{\"@id\":\"https:\\\/\\\/acsgrupo.com.mx\\\/?page_id=124#primaryimage\"},\"thumbnailUrl\":\"https:\\\/\\\/acsgrupo.com.mx\\\/wp-content\\\/uploads\\\/2024\\\/09\\\/cropped-WhatsApp-Image-2024-09-18-at-5.01.35-PM-1.jpeg\",\"datePublished\":\"2024-09-21T17:02:38+00:00\",\"dateModified\":\"2024-09-21T18:07:36+00:00\",\"breadcrumb\":{\"@id\":\"https:\\\/\\\/acsgrupo.com.mx\\\/?page_id=124#breadcrumb\"},\"inLanguage\":\"es\",\"potentialAction\":[{\"@type\":\"ReadAction\",\"target\":[\"https:\\\/\\\/acsgrupo.com.mx\\\/?page_id=124\"]}]},{\"@type\":\"ImageObject\",\"inLanguage\":\"es\",\"@id\":\"https:\\\/\\\/acsgrupo.com.mx\\\/?page_id=124#primaryimage\",\"url\":\"https:\\\/\\\/acsgrupo.com.mx\\\/wp-content\\\/uploads\\\/2024\\\/09\\\/cropped-WhatsApp-Image-2024-09-18-at-5.01.35-PM-1.jpeg\",\"contentUrl\":\"https:\\\/\\\/acsgrupo.com.mx\\\/wp-content\\\/uploads\\\/2024\\\/09\\\/cropped-WhatsApp-Image-2024-09-18-at-5.01.35-PM-1.jpeg\",\"width\":926,\"height\":686},{\"@type\":\"BreadcrumbList\",\"@id\":\"https:\\\/\\\/acsgrupo.com.mx\\\/?page_id=124#breadcrumb\",\"itemListElement\":[{\"@type\":\"ListItem\",\"position\":1,\"name\":\"Portada\",\"item\":\"https:\\\/\\\/acsgrupo.com.mx\\\/\"},{\"@type\":\"ListItem\",\"position\":2,\"name\":\"\u00bfQui\u00e9nes somos?\"}]},{\"@type\":\"WebSite\",\"@id\":\"https:\\\/\\\/acsgrupo.com.mx\\\/#website\",\"url\":\"https:\\\/\\\/acsgrupo.com.mx\\\/\",\"name\":\"ACS Grupo\",\"description\":\"ASESOR\u00cdA, CONSTRUCCI\u00d3N Y SERVICIOS\",\"publisher\":{\"@id\":\"https:\\\/\\\/acsgrupo.com.mx\\\/#organization\"},\"potentialAction\":[{\"@type\":\"SearchAction\",\"target\":{\"@type\":\"EntryPoint\",\"urlTemplate\":\"https:\\\/\\\/acsgrupo.com.mx\\\/?s={search_term_string}\"},\"query-input\":{\"@type\":\"PropertyValueSpecification\",\"valueRequired\":true,\"valueName\":\"search_term_string\"}}],\"inLanguage\":\"es\"},{\"@type\":\"Organization\",\"@id\":\"https:\\\/\\\/acsgrupo.com.mx\\\/#organization\",\"name\":\"ACS Grupo\",\"url\":\"https:\\\/\\\/acsgrupo.com.mx\\\/\",\"logo\":{\"@type\":\"ImageObject\",\"inLanguage\":\"es\",\"@id\":\"https:\\\/\\\/acsgrupo.com.mx\\\/#\\\/schema\\\/logo\\\/image\\\/\",\"url\":\"https:\\\/\\\/acsgrupo.com.mx\\\/wp-content\\\/uploads\\\/2024\\\/10\\\/cropped-2.png\",\"contentUrl\":\"https:\\\/\\\/acsgrupo.com.mx\\\/wp-content\\\/uploads\\\/2024\\\/10\\\/cropped-2.png\",\"width\":2419,\"height\":864,\"caption\":\"ACS Grupo \"},\"image\":{\"@id\":\"https:\\\/\\\/acsgrupo.com.mx\\\/#\\\/schema\\\/logo\\\/image\\\/\"}}]}<\/script>\n<!-- \/ Yoast SEO plugin. -->","yoast_head_json":{"title":"\u00bfQui\u00e9nes somos? - ACS Grupo","robots":{"index":"index","follow":"follow","max-snippet":"max-snippet:-1","max-image-preview":"max-image-preview:large","max-video-preview":"max-video-preview:-1"},"canonical":"https:\/\/acsgrupo.com.mx\/?page_id=124","og_locale":"es_ES","og_type":"article","og_title":"\u00bfQui\u00e9nes somos? - ACS Grupo","og_description":"Somos una empresa nacional dedicada a la Asesor\u00eda Contable, Fiscal y Administrativa, as\u00ed como a los servicios de mantenimiento e Ingenier\u00eda Especializada El\u00e9ctrica e Industrial. Algunos de nuestros principales trabajos est\u00e1n orientados a los servicios de mantenimiento de aires acondicionados HVAC e instalaciones el\u00e9ctricas en oficinas. MISION Brindar asesor\u00eda a personas f\u00edsicas y\/o morales en&hellip; Read more","og_url":"https:\/\/acsgrupo.com.mx\/?page_id=124","og_site_name":"ACS Grupo","article_modified_time":"2024-09-21T18:07:36+00:00","og_image":[{"url":"https:\/\/acsgrupo.com.mx\/wp-content\/uploads\/2024\/09\/cropped-WhatsApp-Image-2024-09-18-at-5.01.35-PM-1.jpeg","type":"","width":"","height":""}],"twitter_card":"summary_large_image","twitter_misc":{"Tiempo de lectura":"3 minutos"},"schema":{"@context":"https:\/\/schema.org","@graph":[{"@type":"WebPage","@id":"https:\/\/acsgrupo.com.mx\/?page_id=124","url":"https:\/\/acsgrupo.com.mx\/?page_id=124","name":"\u00bfQui\u00e9nes somos? - ACS Grupo","isPartOf":{"@id":"https:\/\/acsgrupo.com.mx\/#website"},"primaryImageOfPage":{"@id":"https:\/\/acsgrupo.com.mx\/?page_id=124#primaryimage"},"image":{"@id":"https:\/\/acsgrupo.com.mx\/?page_id=124#primaryimage"},"thumbnailUrl":"https:\/\/acsgrupo.com.mx\/wp-content\/uploads\/2024\/09\/cropped-WhatsApp-Image-2024-09-18-at-5.01.35-PM-1.jpeg","datePublished":"2024-09-21T17:02:38+00:00","dateModified":"2024-09-21T18:07:36+00:00","breadcrumb":{"@id":"https:\/\/acsgrupo.com.mx\/?page_id=124#breadcrumb"},"inLanguage":"es","potentialAction":[{"@type":"ReadAction","target":["https:\/\/acsgrupo.com.mx\/?page_id=124"]}]},{"@type":"ImageObject","inLanguage":"es","@id":"https:\/\/acsgrupo.com.mx\/?page_id=124#primaryimage","url":"https:\/\/acsgrupo.com.mx\/wp-content\/uploads\/2024\/09\/cropped-WhatsApp-Image-2024-09-18-at-5.01.35-PM-1.jpeg","contentUrl":"https:\/\/acsgrupo.com.mx\/wp-content\/uploads\/2024\/09\/cropped-WhatsApp-Image-2024-09-18-at-5.01.35-PM-1.jpeg","width":926,"height":686},{"@type":"BreadcrumbList","@id":"https:\/\/acsgrupo.com.mx\/?page_id=124#breadcrumb","itemListElement":[{"@type":"ListItem","position":1,"name":"Portada","item":"https:\/\/acsgrupo.com.mx\/"},{"@type":"ListItem","position":2,"name":"\u00bfQui\u00e9nes somos?"}]},{"@type":"WebSite","@id":"https:\/\/acsgrupo.com.mx\/#website","url":"https:\/\/acsgrupo.com.mx\/","name":"ACS Grupo","description":"ASESOR\u00cdA, CONSTRUCCI\u00d3N Y SERVICIOS","publisher":{"@id":"https:\/\/acsgrupo.com.mx\/#organization"},"potentialAction":[{"@type":"SearchAction","target":{"@type":"EntryPoint","urlTemplate":"https:\/\/acsgrupo.com.mx\/?s={search_term_string}"},"query-input":{"@type":"PropertyValueSpecification","valueRequired":true,"valueName":"search_term_string"}}],"inLanguage":"es"},{"@type":"Organization","@id":"https:\/\/acsgrupo.com.mx\/#organization","name":"ACS Grupo","url":"https:\/\/acsgrupo.com.mx\/","logo":{"@type":"ImageObject","inLanguage":"es","@id":"https:\/\/acsgrupo.com.mx\/#\/schema\/logo\/image\/","url":"https:\/\/acsgrupo.com.mx\/wp-content\/uploads\/2024\/10\/cropped-2.png","contentUrl":"https:\/\/acsgrupo.com.mx\/wp-content\/uploads\/2024\/10\/cropped-2.png","width":2419,"height":864,"caption":"ACS Grupo "},"image":{"@id":"https:\/\/acsgrupo.com.mx\/#\/schema\/logo\/image\/"}}]}},"_links":{"self":[{"href":"https:\/\/acsgrupo.com.mx\/index.php?rest_route=\/wp\/v2\/pages\/124","targetHints":{"allow":["GET"]}}],"collection":[{"href":"https:\/\/acsgrupo.com.mx\/index.php?rest_route=\/wp\/v2\/pages"}],"about":[{"href":"https:\/\/acsgrupo.com.mx\/index.php?rest_route=\/wp\/v2\/types\/page"}],"author":[{"embeddable":true,"href":"https:\/\/acsgrupo.com.mx\/index.php?rest_route=\/wp\/v2\/users\/1"}],"replies":[{"embeddable":true,"href":"https:\/\/acsgrupo.com.mx\/index.php?rest_route=%2Fwp%2Fv2%2Fcomments&post=124"}],"version-history":[{"count":12,"href":"https:\/\/acsgrupo.com.mx\/index.php?rest_route=\/wp\/v2\/pages\/124\/revisions"}],"predecessor-version":[{"id":159,"href":"https:\/\/acsgrupo.com.mx\/index.php?rest_route=\/wp\/v2\/pages\/124\/revisions\/159"}],"wp:attachment":[{"href":"https:\/\/acsgrupo.com.mx\/index.php?rest_route=%2Fwp%2Fv2%2Fmedia&parent=124"}],"curies":[{"name":"wp","href":"https:\/\/api.w.org\/{rel}","templated":true}]}}